s divided by i(6).
10
Let v = 167 - 162. Suppose v*c - 59 = -r + 371, 4*r = -5*c + 415. Calculate the remainder when c is divided by 30.
27
What is the remainder when 513 is divided by (-78)/(-1)*(240/(-45))/(-16)?
19
Let k = -414 + 468. What is the remainder when 78 is divided by k?
24
Calculate the remainder when (-15)/(-3)*(-38100)/(-375) is divided by 167.
7
Suppose 0 = -23*f + 11509 + 45830. Calculate the remainder when f is divided by 26.
23
Suppose -5*n - 2*b = -65, b - 45 = -5*n + 3*b. Let x = 15 - 12. Suppose -x = 3*k, -3*f + 2*k = 6*k - 5. Calculate the remainder when n is divided by f.
2
Let t(z) = -z**3 + 18*z**2 + 13*z + 62. Let p be t(19). Let w = p - -67. What is the remainder when 596 is divided by w?
11
Suppose 0 = 3438*a - 3435*a - 30. Let d be 6*(-147)/(-6) - -2. Suppose a*b - 41 = d. Calculate the remainder when 36 is divided by b.
17
Let f be (-99)/(-44) - (-1)/(-4). Suppose -k = -2*m + 9, -k + 15 = 6*m - f*m. Suppose 56 = -m*j + 88. What is the remainder when 30 is divided by j?
6
Let f = -91 - -240. Suppose -9*n + f = 32. Let x(y) = -y**3 + 7*y**2 - 2*y - 2. What is the remainder when x(6) is divided by n?
9
Suppose -4*r = 3*f - 58, -5*f = 5*r - 7*r - 62. Suppose f*x + 63 = 17*x. Let h = -2 + x. What is the remainder when 89 is divided by h?
13
Let m(x) = 83*x + 1. Suppose 2*p = v - 2*v + 160, 172 = v + 5*p. Suppose -78 = -10*d + v. What is the remainder when m(1) is divided by d?
15
Let s be 9*(2/3 - 1). Let t be (-16)/12*s/4. Calculate the remainder when t*(38*-2)/(34/(-17)) is divided by 8.
6
Let u = 20960 + -16830. Calculate the remainder when u is divided by 17.
16
Let o = -4283 - -4334. What is the remainder when 202 is divided by o?
49
Calculate the remainder when 632 is divided by 6/12*(-4240)/(-20).
102
Let a = 30 - 45. Let o be (-5)/((-33)/a - 2)*-1. Suppose z - o = 76. Calculate the remainder when z is divided by 26.
23
Let t(w) = 2*w**2 - 52*w - 49. Let o be t(27). Suppose -v - 63 = -5*v - u, -75 = -o*v - 5*u. What is the remainder when 30 is divided by v?
14
Suppose -11 = -2*d + 11. Let s(c) = -4601*c - 4538. Calculate the remainder when s(-1) is divided by d.
8
Let l be 2/11 + 15904/(-352). Let b = 124 + l. Calculate the remainder when b is divided by 40.
39
Let o = -93 - -50. Let m = -20 - o. Suppose 11 = r - m. Calculate the remainder when r is divided by 19.
15
Let m be 18 - (-4)/1 - -4. Let k = -26 + m. Suppose k = 8*d - 3*d - 670. Calculate the remainder when d is divided by 45.
44
Suppose -3*r + 181 = -0*z + 5*z, -r - 2*z = -62. Let j(x) = 2*x**2 - 7*x - 184. Let w be j(-9). Let b = r - w. What is the remainder when 32 is divided by b?
10
Suppose -8*s + 53 = -331. Suppose 66*k = 62*k + s. Calculate the remainder when 119 is divided by k.
11
Suppose 5*s + 4*f + 1695 - 7723 = 0, -5*s + 6036 = 3*f. Calculate the remainder when s is divided by 131.
33
Suppose 5*t - d = 13773 + 13741, -5*d = -5. What is the remainder when t is divided by 172?
171
Let d(m) = -56*m - 6 - 62*m + 127*m. Let v be d(6). Let a = 178 - v. Calculate the remainder when a is divided by 22.
20
Let y(b) = b**2 + 51*b - 1075. Calculate the remainder when 332 is divided by y(-68).
8
Suppose 258*z - 266*z = -32. Suppose -4*x - z*p = x - 232, -2*x + 94 = p. What is the remainder when 333 is divided by x?
45
Let t be (-146)/(5/(5/(-2))). Suppose 2*q + 29 = f, f = -2*f - q + t. Suppose -2*n + 3*n = 17. What is the remainder when f is divided by n?
8
Suppose 0 = j - 3*m - 70 - 151, 2*j - 452 = m. Calculate the remainder when j is divided by 121.
106
Let y be ((-48)/(-9))/((-8)/(-60)). Suppose -y = -5*r + 5*v, r - 2*v - 10 = -2. Let z = 15 + 2. What is the remainder when z is divided by r?
1
Let i = 8085 - 7899. Calculate the remainder when i is divided by 101.
85
Suppose 2*h - 5*x = 778, -2*h + 0*x = -2*x - 778. Suppose -3591 = -43*u - 237. Calculate the remainder when h is divided by u.
77
Let t(y) = 140*y + 2994. Calculate the remainder when t(134) is divided by 42.
40
Let m = 39 - 67. Let w = m + 32. Suppose -l - 19 = -4*h, -w*l = -4*h - 2 + 18. Calculate the remainder when 19 is divided by h.
4
Let b be (-3)/6*(3 - 9) - -25. Suppose -2*n - b = -3*g - n, -19 = -4*g + 5*n. What is the remainder when 32 is divided by g?
10
Let g(s) = 4*s + 54. Let d be g(-14). Let w be (d + 0)*(-5)/(10/16). Calculate the remainder when 32 is divided by ((-11)/(-2))/(8/w).
10
Suppose 0 = -241*k + 236*k - 50. What is the remainder when 18 is divided by k*(6 - 15/2)?
3
Suppose -5*s - f = -1434, 2*f + 395 = 4*s - 755. Calculate the remainder when 295 is divided by s.
8
What is the remainder when 331954/1048*(-16)/(-14) is divided by 140?
82
Suppose -2*o - l + 640 = 0, 3*l + 930 = 5*o - 681. What is the remainder when o is divided by 66?
57
Let i = -4 + 10. Let z be 1*85/5 - (0 - -4). Suppose z*h - 6*h = 119. What is the remainder when h is divided by i?
5
Let v(a) = -13*a**3 + a**2 - 13*a - 17. Calculate the remainder when v(-2) is divided by 39.
0
Let n(c) be the second derivative of -c**4/12 - c**3/6 + 9*c**2 + 95*c. What is the remainder when 77 is divided by n(-4)?
5
Suppose -34 = -3*g + 11. Suppose 19 = 14*s - 9. Suppose c - 31 - 26 = o, -c - s*o = -42. What is the remainder when c is divided by g?
7
Suppose -11248 = -17*l + 31*l - 18*l. Calculate the remainder when l is divided by 97.
96
Let w be 86/(-215) + 3304/10. Let t = 60 + w. What is the remainder when t is divided by 49?
47
Suppose 0 = 3*u - 15, 2*u - 57 = 4*i + 5*u. Let o = -14 - i. Suppose j + 2*j + 579 = o*p, -136 = -p - j. What is the remainder when p is divided by 12?
9
Let j(q) = -64*q + 44. Calculate the remainder when j(-11) is divided by 365.
18
Suppose -5*u + 326 = -104. Let c(l) = -l**3 - 54*l**2 + 290*l - 268. Calculate the remainder when u is divided by c(-59).
5
Let m = 12 - 7. Suppose -2*l - g + 132 = 0, 7*l - 2*l + m*g - 335 = 0. Calculate the remainder when l is divided by (-441)/(-49) - (2 - 10).
14
Let l = 46 + -40. Let n(k) = k**3 - 4*k**2 - k - 7. Let x be n(l). Suppose -16 = -4*z, -4*z = v - x - 19. Calculate the remainder when v is divided by 32.
30
Suppose m - 150 = 3*j, -18*m + 4*j + 450 = -15*m. What is the remainder when m is divided by 48?
6
Let a(p) = 2*p**3 - 6*p**2 + p - 6. Suppose 1632 - 4953 = -9*x. Suppose -97 = 8*j - x. What is the remainder when a(5) is divided by j?
31
Suppose -74 - 86 = 5*t. Let a(r) = r**2 + 29*r - 61. What is the remainder when 61 is divided by a(t)?
26
Let b = 15 + -11. Let j be (-3423)/(-27) + (-10)/(-45). Suppose 13*l - j = -49. What is the remainder when l is divided by b?
2
What is the remainder when 158 is divided by (-4)/(-13) - 24791/(-169)?
11
Let s(c) = c**3 - 6*c**2 + 12*c + 10. Suppose -y - 3*y = -96. What is the remainder when s(7) is divided by y?
23
Calculate the remainder when 584 is divided by -4*(-10)/(-8) - (-2 - (-248)/(-4)).
53
Suppose 0 = 331*u - 339*u + 144. Calculate the remainder when 897 is divided by u.
15
Calculate the remainder when 12294 is divided by (-5)/6 + 35/((-4200)/(-2740)).
18
Let c(u) = u + 101. Let q be c(-34). Suppose -q*t - 480 = -79*t. Calculate the remainder when t is divided by 6.
4
Let r(k) = -k**3 + 6*k**2 + k - 5. Let d be r(4). Let g = d - -115. Let q = -3951 - -3988. What is the remainder when g is divided by q?
35
Let h(s) = -30*s + 174. Let z be h(-22). Let p = z + -485. What is the remainder when p is divided by 44?
41
Suppose -489 = 7*z - 4*z + 3*n, -481 = 3*z + n. Calculate the remainder when 41 is divided by 2/12 - z*(-10)/(-180).
5
Suppose k - 2*z = -53 + 155, k - 105 = z. Calculate the remainder when 498 is divided by k.
66
Let o = -23244 - -23399. Calculate the remainder when 476 is divided by o.
11
Let f(u) = -u**3 - 22*u**2 + 3208. Calculate the remainder when f(0) is divided by 146.
142
Let r = -63 + 69. What is the remainder when 38760/180 + 2/(-6) is divided by r?
5
Suppose 0 = -2*l + 5*u + 277, -2*u = 2*l + l - 425. Let o = 73 - 73. Suppose o = 2*a + 8, -3*v + 3*a + 0*a = -120. What is the remainder when l is divided by v?
33
Let n(s) = -291*s + 30. Let y be n(-5). Suppose -16*d = 589 - y. Calculate the remainder when d is divided by 24.
8
Let n(h) = h**3 + 18*h**2 - 17*h + 42. Let i be n(-19). Let w(x) = 3*x**3 - 10*x**2 - 4*x + 2. What is the remainder when w(i) is divide